{"id":50,"date":"2013-05-21T17:42:37","date_gmt":"2013-05-21T16:42:37","guid":{"rendered":"http:\/\/www.lesventsdanches.fr\/?page_id=50"},"modified":"2024-03-04T17:14:52","modified_gmt":"2024-03-04T16:14:52","slug":"formulaire-de-contact","status":"publish","type":"page","link":"http:\/\/www.lesventsdanches.fr\/ensemble-de-clarinettes\/formulaire-de-contact\/","title":{"rendered":"Contactez l&rsquo;ensemble de clarinettes \u00ab\u00a0Les Vents d&rsquo;Anches\u00a0\u00bb"},"content":{"rendered":"<p>\n<div class=\"wpcf7 no-js\" id=\"wpcf7-f4-o1\" lang=\"en-US\" dir=\"ltr\">\n<div class=\"screen-reader-response\"><p role=\"status\" aria-live=\"polite\" aria-atomic=\"true\"><\/p> <ul><\/ul><\/div>\n<form action=\"\/ensemble-de-clarinettes\/wp-json\/wp\/v2\/pages\/50#wpcf7-f4-o1\" method=\"post\" class=\"wpcf7-form init\" aria-label=\"Contact form\" novalidate=\"novalidate\" data-status=\"init\">\n<div style=\"display: none;\">\n<input type=\"hidden\" name=\"_wpcf7\" value=\"4\" \/>\n<input type=\"hidden\" name=\"_wpcf7_version\" value=\"5.9\" \/>\n<input type=\"hidden\" name=\"_wpcf7_locale\" value=\"en_US\" \/>\n<input type=\"hidden\" name=\"_wpcf7_unit_tag\" value=\"wpcf7-f4-o1\" \/>\n<input type=\"hidden\" name=\"_wpcf7_container_post\" value=\"0\" \/>\n<input type=\"hidden\" name=\"_wpcf7_posted_data_hash\" value=\"\" \/>\n<\/div>\n<p>Votre nom (obligatoire)\n<\/p>\n<p><span class=\"wpcf7-form-control-wrap\" data-name=\"your-name\"><input size=\"40\" class=\"wpcf7-form-control wpcf7-text wpcf7-validates-as-required\" aria-required=\"true\" aria-invalid=\"false\" value=\"\" type=\"text\" name=\"your-name\" \/><\/span>\n<\/p>\n<p>Votre email (obligatoire)\n<\/p>\n<p><span class=\"wpcf7-form-control-wrap\" data-name=\"your-email\"><input size=\"40\" class=\"wpcf7-form-control wpcf7-email wpcf7-validates-as-required wpcf7-text wpcf7-validates-as-email\" aria-required=\"true\" aria-invalid=\"false\" value=\"\" type=\"email\" name=\"your-email\" \/><\/span>\n<\/p>\n<p>Sujet\n<\/p>\n<p><span class=\"wpcf7-form-control-wrap\" data-name=\"your-subject\"><input size=\"40\" class=\"wpcf7-form-control wpcf7-text\" aria-invalid=\"false\" value=\"\" type=\"text\" name=\"your-subject\" \/><\/span>\n<\/p>\n<p>Votre message\n<\/p>\n<p><span class=\"wpcf7-form-control-wrap\" data-name=\"your-message\"><textarea cols=\"40\" rows=\"10\" class=\"wpcf7-form-control wpcf7-textarea\" aria-invalid=\"false\" name=\"your-message\"><\/textarea><\/span>\n<\/p>\n<p><input class=\"wpcf7-form-control wpcf7-submit has-spinner\" type=\"submit\" value=\"Envoyer\" \/>\n<\/p><p style=\"display: none !important;\" class=\"akismet-fields-container\" data-prefix=\"_wpcf7_ak_\"><label>&#916;<textarea name=\"_wpcf7_ak_hp_textarea\" cols=\"45\" rows=\"8\" maxlength=\"100\"><\/textarea><\/label><input type=\"hidden\" id=\"ak_js_1\" name=\"_wpcf7_ak_js\" value=\"69\"\/><script>document.getElementById( \"ak_js_1\" ).setAttribute( \"value\", ( new Date() ).getTime() );<\/script><\/p><div class=\"wpcf7-response-output\" aria-hidden=\"true\"><\/div>\n<\/form>\n<\/div>\n<!--nextpage--><\/p>\n<h4 style=\"text-align: left;\">Contactez l&rsquo;ensemble de clarinettes \u00ab\u00a0Les Vents d&rsquo;Anches\u00a0\u00bb&#8230;<\/h4>\n<p><em><span style=\"font-size: 1rem; line-height: 0.5;\"><strong>&#8230; et faites-nous part de vos <span style=\"color: #663366;\">PROJETS MUSICAUX : <\/span><\/strong><\/span><span style=\"font-size: 1rem; line-height: 0.5;\">concerts, festivals, inaugurations, animations, etc.<\/span><\/em><\/p>\n<p style=\"text-align: left;\"><a style=\"color: #0f3647;\" title=\"L\u2019ensemble de clarinettes \u00ab\u00a0Les Vents d\u2019Anches\u00a0\u00bb vous souhaitent la bienvenue !\" href=\"http:\/\/www.lesventsdanches.fr\/ensemble-de-clarinettes\/\" target=\"_blank\" rel=\"noopener\"><img loading=\"lazy\" decoding=\"async\" class=\"wp-image-615 alignleft\" src=\"http:\/\/www.lesventsdanches.fr\/wp-content\/uploads\/2013\/05\/Logo-les-vents-d-anches-concert.jpg\" alt=\"ensemble de clarinettes\" width=\"96\" height=\"146\" \/><\/a><span style=\"font-size: 1rem; line-height: 1.846153846;\">Nous r\u00e9pondrons volontiers \u00e0<\/span><span style=\"text-decoration: underline; font-size: 1rem; line-height: 1.846153846;\"><strong><span style=\"text-decoration: underline; font-size: 1rem; line-height: 1.846153846; color: #99cc33;\"> toutes vos questions<\/span><\/strong><\/span><span style=\"font-size: 1rem; line-height: 1.846153846;\"> :<\/span><\/p>\n<p><span style=\"font-size: 1rem; line-height: 1.846153846;\">&#8211; disponibilit\u00e9s,<\/span><br \/>\n<span style=\"font-size: 1rem; line-height: 1.846153846;\">&#8211; style de musique,<\/span><br \/>\n<span style=\"font-size: 1rem; line-height: 1.846153846;\">&#8211; co\u00fbt de prestation, etc.<\/span><\/p>\n<p>&#8230; vous emm\u00e9nagez dans la r\u00e9gion et\/ou recherchez un ensemble de clarinettes o\u00f9 venir jouer ? Si vous le souhaitez, nous pourrons vous accueillir en toute simplicit\u00e9 lors d&rsquo;une r\u00e9p\u00e9tition !!<\/p>\n<p><em><span style=\"font-size: 1.142857143rem; line-height: 1.846153846;\">Suivez \u00e9galement toute notre actualit\u00e9 en nous rejoignant sur <\/span><a style=\"font-size: 1.142857143rem; line-height: 1.846153846;\" title=\"www.facebook.com\/lesventsdanches\" href=\"http:\/\/www.facebook.com\/lesventsdanches\" target=\"_blank\" rel=\"noopener\">Facebook\u00a0<\/a><span style=\"font-size: 1.142857143rem; line-height: 1.846153846;\">!<\/span><\/em><\/p>\n<div id=\"wp_fb_like_button\" style=\"margin:5px 5px 5px 0;float:left;height:100px;\"><script src=\"http:\/\/connect.facebook.net\/en_US\/all.js#xfbml=1\"><\/script><fb:like href=\"http:\/\/www.lesventsdanches.fr\/ensemble-de-clarinettes\/formulaire-de-contact\/\" send=\"true\" layout=\"standard\" width=\"400\" show_faces=\"false\" font=\"arial\" action=\"like\" colorscheme=\"light\"><\/fb:like><\/div>","protected":false},"excerpt":{"rendered":"","protected":false},"author":2,"featured_media":0,"parent":0,"menu_order":0,"comment_status":"closed","ping_status":"open","template":"page-templates\/full-width.php","meta":{"jetpack_post_was_ever_published":false,"footnotes":""},"class_list":["post-50","page","type-page","status-publish","hentry"],"yoast_head":"<!-- This site is optimized with the Yoast SEO plugin v22.1 - https:\/\/yoast.com\/wordpress\/plugins\/seo\/ -->\n<title>Contactez l&#039;ensemble de clarinettes &quot;Les Vents d&#039;Anches&quot; - Les Vents d&#039;Anches<\/title>\n<meta name=\"description\" content=\"Vous souhaitez organiser un concert ? Vous recherchez une animation musicale ? Contact - Ensemble de clarinettes &quot;Les Vents d&#039;Anches&quot;.\" \/>\n<meta name=\"robots\" content=\"index, follow, max-snippet:-1, max-image-preview:large, max-video-preview:-1\" \/>\n<link rel=\"canonical\" href=\"http:\/\/www.lesventsdanches.fr\/ensemble-de-clarinettes\/formulaire-de-contact\/\" \/>\n<link rel=\"next\" href=\"http:\/\/www.lesventsdanches.fr\/ensemble-de-clarinettes\/formulaire-de-contact\/2\/\" \/>\n<meta property=\"og:locale\" content=\"fr_FR\" \/>\n<meta property=\"og:type\" content=\"article\" \/>\n<meta property=\"og:title\" content=\"Contactez l&#039;ensemble de clarinettes &quot;Les Vents d&#039;Anches&quot; - Les Vents d&#039;Anches\" \/>\n<meta property=\"og:description\" content=\"Vous souhaitez organiser un concert ? Vous recherchez une animation musicale ? Contact - Ensemble de clarinettes &quot;Les Vents d&#039;Anches&quot;.\" \/>\n<meta property=\"og:url\" content=\"http:\/\/www.lesventsdanches.fr\/ensemble-de-clarinettes\/formulaire-de-contact\/\" \/>\n<meta property=\"og:site_name\" content=\"Les Vents d&#039;Anches\" \/>\n<meta property=\"article:modified_time\" content=\"2024-03-04T16:14:52+00:00\" \/>\n<meta property=\"og:image\" content=\"http:\/\/www.lesventsdanches.fr\/wp-content\/uploads\/2013\/05\/Logo-les-vents-d-anches-concert.jpg\" \/>\n<meta name=\"twitter:label1\" content=\"Dur\u00e9e de lecture estim\u00e9e\" \/>\n\t<meta name=\"twitter:data1\" content=\"1 minute\" \/>\n<script type=\"application\/ld+json\" class=\"yoast-schema-graph\">{\"@context\":\"https:\/\/schema.org\",\"@graph\":[{\"@type\":\"WebPage\",\"@id\":\"http:\/\/www.lesventsdanches.fr\/ensemble-de-clarinettes\/formulaire-de-contact\/\",\"url\":\"http:\/\/www.lesventsdanches.fr\/ensemble-de-clarinettes\/formulaire-de-contact\/\",\"name\":\"Contactez l'ensemble de clarinettes \\\"Les Vents d'Anches\\\" - Les Vents d&#039;Anches\",\"isPartOf\":{\"@id\":\"https:\/\/www.lesventsdanches.fr\/ensemble-de-clarinettes\/#website\"},\"datePublished\":\"2013-05-21T16:42:37+00:00\",\"dateModified\":\"2024-03-04T16:14:52+00:00\",\"description\":\"Vous souhaitez organiser un concert ? Vous recherchez une animation musicale ? Contact - Ensemble de clarinettes \\\"Les Vents d'Anches\\\".\",\"inLanguage\":\"fr-FR\",\"potentialAction\":[{\"@type\":\"ReadAction\",\"target\":[\"http:\/\/www.lesventsdanches.fr\/ensemble-de-clarinettes\/formulaire-de-contact\/\"]}]},{\"@type\":\"WebSite\",\"@id\":\"https:\/\/www.lesventsdanches.fr\/ensemble-de-clarinettes\/#website\",\"url\":\"https:\/\/www.lesventsdanches.fr\/ensemble-de-clarinettes\/\",\"name\":\"Les Vents d&#039;Anches\",\"description\":\"Ensemble de clarinettes\",\"potentialAction\":[{\"@type\":\"SearchAction\",\"target\":{\"@type\":\"EntryPoint\",\"urlTemplate\":\"https:\/\/www.lesventsdanches.fr\/ensemble-de-clarinettes\/?s={search_term_string}\"},\"query-input\":\"required name=search_term_string\"}],\"inLanguage\":\"fr-FR\"}]}<\/script>\n<!-- \/ Yoast SEO plugin. -->","yoast_head_json":{"title":"Contactez l'ensemble de clarinettes \"Les Vents d'Anches\" - Les Vents d&#039;Anches","description":"Vous souhaitez organiser un concert ? Vous recherchez une animation musicale ? Contact - Ensemble de clarinettes \"Les Vents d'Anches\".","robots":{"index":"index","follow":"follow","max-snippet":"max-snippet:-1","max-image-preview":"max-image-preview:large","max-video-preview":"max-video-preview:-1"},"canonical":"http:\/\/www.lesventsdanches.fr\/ensemble-de-clarinettes\/formulaire-de-contact\/","next":"http:\/\/www.lesventsdanches.fr\/ensemble-de-clarinettes\/formulaire-de-contact\/2\/","og_locale":"fr_FR","og_type":"article","og_title":"Contactez l'ensemble de clarinettes \"Les Vents d'Anches\" - Les Vents d&#039;Anches","og_description":"Vous souhaitez organiser un concert ? Vous recherchez une animation musicale ? Contact - Ensemble de clarinettes \"Les Vents d'Anches\".","og_url":"http:\/\/www.lesventsdanches.fr\/ensemble-de-clarinettes\/formulaire-de-contact\/","og_site_name":"Les Vents d&#039;Anches","article_modified_time":"2024-03-04T16:14:52+00:00","og_image":[{"url":"http:\/\/www.lesventsdanches.fr\/wp-content\/uploads\/2013\/05\/Logo-les-vents-d-anches-concert.jpg"}],"twitter_misc":{"Dur\u00e9e de lecture estim\u00e9e":"1 minute"},"schema":{"@context":"https:\/\/schema.org","@graph":[{"@type":"WebPage","@id":"http:\/\/www.lesventsdanches.fr\/ensemble-de-clarinettes\/formulaire-de-contact\/","url":"http:\/\/www.lesventsdanches.fr\/ensemble-de-clarinettes\/formulaire-de-contact\/","name":"Contactez l'ensemble de clarinettes \"Les Vents d'Anches\" - Les Vents d&#039;Anches","isPartOf":{"@id":"https:\/\/www.lesventsdanches.fr\/ensemble-de-clarinettes\/#website"},"datePublished":"2013-05-21T16:42:37+00:00","dateModified":"2024-03-04T16:14:52+00:00","description":"Vous souhaitez organiser un concert ? Vous recherchez une animation musicale ? Contact - Ensemble de clarinettes \"Les Vents d'Anches\".","inLanguage":"fr-FR","potentialAction":[{"@type":"ReadAction","target":["http:\/\/www.lesventsdanches.fr\/ensemble-de-clarinettes\/formulaire-de-contact\/"]}]},{"@type":"WebSite","@id":"https:\/\/www.lesventsdanches.fr\/ensemble-de-clarinettes\/#website","url":"https:\/\/www.lesventsdanches.fr\/ensemble-de-clarinettes\/","name":"Les Vents d&#039;Anches","description":"Ensemble de clarinettes","potentialAction":[{"@type":"SearchAction","target":{"@type":"EntryPoint","urlTemplate":"https:\/\/www.lesventsdanches.fr\/ensemble-de-clarinettes\/?s={search_term_string}"},"query-input":"required name=search_term_string"}],"inLanguage":"fr-FR"}]}},"jetpack_sharing_enabled":true,"jetpack_shortlink":"https:\/\/wp.me\/P8bxUG-O","_links":{"self":[{"href":"http:\/\/www.lesventsdanches.fr\/ensemble-de-clarinettes\/wp-json\/wp\/v2\/pages\/50","targetHints":{"allow":["GET"]}}],"collection":[{"href":"http:\/\/www.lesventsdanches.fr\/ensemble-de-clarinettes\/wp-json\/wp\/v2\/pages"}],"about":[{"href":"http:\/\/www.lesventsdanches.fr\/ensemble-de-clarinettes\/wp-json\/wp\/v2\/types\/page"}],"author":[{"embeddable":true,"href":"http:\/\/www.lesventsdanches.fr\/ensemble-de-clarinettes\/wp-json\/wp\/v2\/users\/2"}],"replies":[{"embeddable":true,"href":"http:\/\/www.lesventsdanches.fr\/ensemble-de-clarinettes\/wp-json\/wp\/v2\/comments?post=50"}],"version-history":[{"count":33,"href":"http:\/\/www.lesventsdanches.fr\/ensemble-de-clarinettes\/wp-json\/wp\/v2\/pages\/50\/revisions"}],"predecessor-version":[{"id":1167,"href":"http:\/\/www.lesventsdanches.fr\/ensemble-de-clarinettes\/wp-json\/wp\/v2\/pages\/50\/revisions\/1167"}],"wp:attachment":[{"href":"http:\/\/www.lesventsdanches.fr\/ensemble-de-clarinettes\/wp-json\/wp\/v2\/media?parent=50"}],"curies":[{"name":"wp","href":"https:\/\/api.w.org\/{rel}","templated":true}]}}