{"id":48,"date":"2013-05-21T17:42:15","date_gmt":"2013-05-21T16:42:15","guid":{"rendered":"http:\/\/www.lesventsdanches.fr\/?page_id=48"},"modified":"2021-03-21T19:11:25","modified_gmt":"2021-03-21T18:11:25","slug":"mentions-legales","status":"publish","type":"page","link":"http:\/\/www.lesventsdanches.fr\/ensemble-de-clarinettes\/mentions-legales\/","title":{"rendered":"Mentions l\u00e9gales"},"content":{"rendered":"<h3 style=\"text-align: justify;\">\u00ab\u00a0Les Vents d&rsquo;Anches\u00a0\u00bb est une association de loi 1901 (cf. <a title=\"Contact\" href=\"http:\/\/www.lesventsdanches.fr\/ensemble-de-clarinettes\/contact\/\" target=\"_blank\" rel=\"noopener noreferrer\">nos coordonn\u00e9es<\/a>), cr\u00e9\u00e9e le 12 f\u00e9vrier 2005, dans le but d&rsquo;accueillir des clarinettistes, et de chercher ou organiser des concerts afin que ses membres puissent se produire.<\/h3>\n<ul>\n<li><span style=\"line-height: 1.714285714; font-size: 1rem;\">En tant qu&rsquo;organisme d&rsquo;int\u00e9r\u00eat g\u00e9n\u00e9ral, notre association est autoris\u00e9e \u00e0 d\u00e9livrer \u00e0 ses donateurs des re\u00e7us fiscaux.<\/span><\/li>\n<\/ul>\n<ul>\n<li><span style=\"line-height: 1.714285714; text-align: justify; font-size: 1rem;\">Nous sommes particuli\u00e8rement pr\u00e9sents <span style=\"text-decoration: underline;\">en r\u00e9gion Centre<\/span> et <span style=\"text-decoration: underline;\">en \u00cele-de-France<\/span>, autour de<\/span><strong style=\"line-height: 1.714285714; text-align: justify; font-size: 1rem;\">\u00a0Dreux<\/strong><span style=\"line-height: 1.714285714; text-align: justify; font-size: 1rem;\">\u00a0(28 &#8211; Eure-et-Loir) et de\u00a0<\/span><strong style=\"line-height: 1.714285714; text-align: justify; font-size: 1rem;\">Houdan<\/strong><span style=\"line-height: 1.714285714; text-align: justify; font-size: 1rem;\"> (78 &#8211; Yvelines).<\/span><\/li>\n<\/ul>\n<p style=\"text-align: justify;\"><a href=\"http:\/\/www.lesventsdanches.fr\/ensemble-de-clarinettes\/\"><img loading=\"lazy\" decoding=\"async\" class=\"alignnone wp-image-196\" title=\"&quot;Les Vents d'Anches&quot; Ensemble de clarinettes\" src=\"http:\/\/www.lesventsdanches.fr\/wp-content\/uploads\/2013\/05\/Nuage-mots-tag-ensemble-musique-clarinette-les-vents-d-anches-association.jpg\" alt=\"accueillir des clarinettistes\" width=\"960\" height=\"465\" srcset=\"http:\/\/www.lesventsdanches.fr\/wp-content\/uploads\/2013\/05\/Nuage-mots-tag-ensemble-musique-clarinette-les-vents-d-anches-association.jpg 960w, http:\/\/www.lesventsdanches.fr\/wp-content\/uploads\/2013\/05\/Nuage-mots-tag-ensemble-musique-clarinette-les-vents-d-anches-association-300x145.jpg 300w, http:\/\/www.lesventsdanches.fr\/wp-content\/uploads\/2013\/05\/Nuage-mots-tag-ensemble-musique-clarinette-les-vents-d-anches-association-624x302.jpg 624w\" sizes=\"auto, (max-width: 960px) 100vw, 960px\" \/><\/a><\/p>\n<div id=\"wp_fb_like_button\" style=\"margin:5px 5px 5px 0;float:left;height:100px;\"><script src=\"http:\/\/connect.facebook.net\/en_US\/all.js#xfbml=1\"><\/script><fb:like href=\"http:\/\/www.lesventsdanches.fr\/ensemble-de-clarinettes\/mentions-legales\/\" send=\"true\" layout=\"standard\" width=\"400\" show_faces=\"false\" font=\"arial\" action=\"like\" colorscheme=\"light\"><\/fb:like><\/div>","protected":false},"excerpt":{"rendered":"<p>\u00ab\u00a0Les Vents d&rsquo;Anches\u00a0\u00bb est une association de loi 1901 (cf. nos coordonn\u00e9es), cr\u00e9\u00e9e le 12 f\u00e9vrier 2005, dans le but d&rsquo;accueillir des clarinettistes, et de chercher ou organiser des concerts afin que ses membres puissent se produire. En tant qu&rsquo;organisme d&rsquo;int\u00e9r\u00eat g\u00e9n\u00e9ral, notre association est autoris\u00e9e \u00e0 d\u00e9livrer \u00e0 ses donateurs des re\u00e7us fiscaux. Nous [&hellip;]<\/p>\n","protected":false},"author":2,"featured_media":0,"parent":0,"menu_order":0,"comment_status":"closed","ping_status":"open","template":"page-templates\/full-width.php","meta":{"jetpack_post_was_ever_published":false,"footnotes":""},"class_list":["post-48","page","type-page","status-publish","hentry"],"yoast_head":"<!-- This site is optimized with the Yoast SEO plugin v22.1 - https:\/\/yoast.com\/wordpress\/plugins\/seo\/ -->\n<title>Mentions l\u00e9gales - Les Vents d&#039;Anches<\/title>\n<meta name=\"description\" content=\"&quot;Les Vents d&#039;Anches&quot; est une association de loi 1901, cr\u00e9\u00e9e dans le but d&#039;accueillir des clarinettistes et de se produire en concert.\" \/>\n<meta name=\"robots\" content=\"index, follow, max-snippet:-1, max-image-preview:large, max-video-preview:-1\" \/>\n<link rel=\"canonical\" href=\"http:\/\/www.lesventsdanches.fr\/ensemble-de-clarinettes\/mentions-legales\/\" \/>\n<meta property=\"og:locale\" content=\"fr_FR\" \/>\n<meta property=\"og:type\" content=\"article\" \/>\n<meta property=\"og:title\" content=\"Mentions l\u00e9gales - Les Vents d&#039;Anches\" \/>\n<meta property=\"og:description\" content=\"&quot;Les Vents d&#039;Anches&quot; est une association de loi 1901, cr\u00e9\u00e9e dans le but d&#039;accueillir des clarinettistes et de se produire en concert.\" \/>\n<meta property=\"og:url\" content=\"http:\/\/www.lesventsdanches.fr\/ensemble-de-clarinettes\/mentions-legales\/\" \/>\n<meta property=\"og:site_name\" content=\"Les Vents d&#039;Anches\" \/>\n<meta property=\"article:modified_time\" content=\"2021-03-21T18:11:25+00:00\" \/>\n<meta property=\"og:image\" content=\"http:\/\/www.lesventsdanches.fr\/wp-content\/uploads\/2013\/05\/Nuage-mots-tag-ensemble-musique-clarinette-les-vents-d-anches-association.jpg\" \/>\n<script type=\"application\/ld+json\" class=\"yoast-schema-graph\">{\"@context\":\"https:\/\/schema.org\",\"@graph\":[{\"@type\":\"WebPage\",\"@id\":\"http:\/\/www.lesventsdanches.fr\/ensemble-de-clarinettes\/mentions-legales\/\",\"url\":\"http:\/\/www.lesventsdanches.fr\/ensemble-de-clarinettes\/mentions-legales\/\",\"name\":\"Mentions l\u00e9gales - Les Vents d&#039;Anches\",\"isPartOf\":{\"@id\":\"http:\/\/www.lesventsdanches.fr\/ensemble-de-clarinettes\/#website\"},\"datePublished\":\"2013-05-21T16:42:15+00:00\",\"dateModified\":\"2021-03-21T18:11:25+00:00\",\"description\":\"\\\"Les Vents d'Anches\\\" est une association de loi 1901, cr\u00e9\u00e9e dans le but d'accueillir des clarinettistes et de se produire en concert.\",\"breadcrumb\":{\"@id\":\"http:\/\/www.lesventsdanches.fr\/ensemble-de-clarinettes\/mentions-legales\/#breadcrumb\"},\"inLanguage\":\"fr-FR\",\"potentialAction\":[{\"@type\":\"ReadAction\",\"target\":[\"http:\/\/www.lesventsdanches.fr\/ensemble-de-clarinettes\/mentions-legales\/\"]}]},{\"@type\":\"BreadcrumbList\",\"@id\":\"http:\/\/www.lesventsdanches.fr\/ensemble-de-clarinettes\/mentions-legales\/#breadcrumb\",\"itemListElement\":[{\"@type\":\"ListItem\",\"position\":1,\"name\":\"Accueil\",\"item\":\"http:\/\/www.lesventsdanches.fr\/ensemble-de-clarinettes\/\"},{\"@type\":\"ListItem\",\"position\":2,\"name\":\"Mentions l\u00e9gales\"}]},{\"@type\":\"WebSite\",\"@id\":\"http:\/\/www.lesventsdanches.fr\/ensemble-de-clarinettes\/#website\",\"url\":\"http:\/\/www.lesventsdanches.fr\/ensemble-de-clarinettes\/\",\"name\":\"Les Vents d&#039;Anches\",\"description\":\"Ensemble de clarinettes\",\"potentialAction\":[{\"@type\":\"SearchAction\",\"target\":{\"@type\":\"EntryPoint\",\"urlTemplate\":\"http:\/\/www.lesventsdanches.fr\/ensemble-de-clarinettes\/?s={search_term_string}\"},\"query-input\":\"required name=search_term_string\"}],\"inLanguage\":\"fr-FR\"}]}<\/script>\n<!-- \/ Yoast SEO plugin. -->","yoast_head_json":{"title":"Mentions l\u00e9gales - Les Vents d&#039;Anches","description":"\"Les Vents d'Anches\" est une association de loi 1901, cr\u00e9\u00e9e dans le but d'accueillir des clarinettistes et de se produire en concert.","robots":{"index":"index","follow":"follow","max-snippet":"max-snippet:-1","max-image-preview":"max-image-preview:large","max-video-preview":"max-video-preview:-1"},"canonical":"http:\/\/www.lesventsdanches.fr\/ensemble-de-clarinettes\/mentions-legales\/","og_locale":"fr_FR","og_type":"article","og_title":"Mentions l\u00e9gales - Les Vents d&#039;Anches","og_description":"\"Les Vents d'Anches\" est une association de loi 1901, cr\u00e9\u00e9e dans le but d'accueillir des clarinettistes et de se produire en concert.","og_url":"http:\/\/www.lesventsdanches.fr\/ensemble-de-clarinettes\/mentions-legales\/","og_site_name":"Les Vents d&#039;Anches","article_modified_time":"2021-03-21T18:11:25+00:00","og_image":[{"url":"http:\/\/www.lesventsdanches.fr\/wp-content\/uploads\/2013\/05\/Nuage-mots-tag-ensemble-musique-clarinette-les-vents-d-anches-association.jpg"}],"schema":{"@context":"https:\/\/schema.org","@graph":[{"@type":"WebPage","@id":"http:\/\/www.lesventsdanches.fr\/ensemble-de-clarinettes\/mentions-legales\/","url":"http:\/\/www.lesventsdanches.fr\/ensemble-de-clarinettes\/mentions-legales\/","name":"Mentions l\u00e9gales - Les Vents d&#039;Anches","isPartOf":{"@id":"http:\/\/www.lesventsdanches.fr\/ensemble-de-clarinettes\/#website"},"datePublished":"2013-05-21T16:42:15+00:00","dateModified":"2021-03-21T18:11:25+00:00","description":"\"Les Vents d'Anches\" est une association de loi 1901, cr\u00e9\u00e9e dans le but d'accueillir des clarinettistes et de se produire en concert.","breadcrumb":{"@id":"http:\/\/www.lesventsdanches.fr\/ensemble-de-clarinettes\/mentions-legales\/#breadcrumb"},"inLanguage":"fr-FR","potentialAction":[{"@type":"ReadAction","target":["http:\/\/www.lesventsdanches.fr\/ensemble-de-clarinettes\/mentions-legales\/"]}]},{"@type":"BreadcrumbList","@id":"http:\/\/www.lesventsdanches.fr\/ensemble-de-clarinettes\/mentions-legales\/#breadcrumb","itemListElement":[{"@type":"ListItem","position":1,"name":"Accueil","item":"http:\/\/www.lesventsdanches.fr\/ensemble-de-clarinettes\/"},{"@type":"ListItem","position":2,"name":"Mentions l\u00e9gales"}]},{"@type":"WebSite","@id":"http:\/\/www.lesventsdanches.fr\/ensemble-de-clarinettes\/#website","url":"http:\/\/www.lesventsdanches.fr\/ensemble-de-clarinettes\/","name":"Les Vents d&#039;Anches","description":"Ensemble de clarinettes","potentialAction":[{"@type":"SearchAction","target":{"@type":"EntryPoint","urlTemplate":"http:\/\/www.lesventsdanches.fr\/ensemble-de-clarinettes\/?s={search_term_string}"},"query-input":"required name=search_term_string"}],"inLanguage":"fr-FR"}]}},"jetpack_sharing_enabled":true,"jetpack_shortlink":"https:\/\/wp.me\/P8bxUG-M","_links":{"self":[{"href":"http:\/\/www.lesventsdanches.fr\/ensemble-de-clarinettes\/wp-json\/wp\/v2\/pages\/48","targetHints":{"allow":["GET"]}}],"collection":[{"href":"http:\/\/www.lesventsdanches.fr\/ensemble-de-clarinettes\/wp-json\/wp\/v2\/pages"}],"about":[{"href":"http:\/\/www.lesventsdanches.fr\/ensemble-de-clarinettes\/wp-json\/wp\/v2\/types\/page"}],"author":[{"embeddable":true,"href":"http:\/\/www.lesventsdanches.fr\/ensemble-de-clarinettes\/wp-json\/wp\/v2\/users\/2"}],"replies":[{"embeddable":true,"href":"http:\/\/www.lesventsdanches.fr\/ensemble-de-clarinettes\/wp-json\/wp\/v2\/comments?post=48"}],"version-history":[{"count":19,"href":"http:\/\/www.lesventsdanches.fr\/ensemble-de-clarinettes\/wp-json\/wp\/v2\/pages\/48\/revisions"}],"predecessor-version":[{"id":1025,"href":"http:\/\/www.lesventsdanches.fr\/ensemble-de-clarinettes\/wp-json\/wp\/v2\/pages\/48\/revisions\/1025"}],"wp:attachment":[{"href":"http:\/\/www.lesventsdanches.fr\/ensemble-de-clarinettes\/wp-json\/wp\/v2\/media?parent=48"}],"curies":[{"name":"wp","href":"https:\/\/api.w.org\/{rel}","templated":true}]}}

Mentions légales

<h3 style="text-align: justify;">« Les Vents d&rsquo;Anches » est une association de loi 1901 (cf. <a title="Contact" href="http://www.lesventsdanches.fr/ensemble-de-clarinettes/contact/" target="_blank" rel="noopener noreferrer">nos coordonnées</a>), créée le 12 février 2005, dans le but d&rsquo;accueillir des clarinettistes, et de chercher ou organiser des concerts afin que ses membres puissent se produire.</h3>
<ul>
<li><span style="line-height: 1.714285714; font-size: 1rem;">En tant qu&rsquo;organisme d&rsquo;intérêt général, notre association est autorisée à délivrer à ses donateurs des reçus fiscaux.</span></li>
</ul>
<ul>
<li><span style="line-height: 1.714285714; text-align: justify; font-size: 1rem;">Nous sommes particulièrement présents <span style="text-decoration: underline;">en région Centre</span> et <span style="text-decoration: underline;">en Île-de-France</span>, autour de</span><strong style="line-height: 1.714285714; text-align: justify; font-size: 1rem;"> Dreux</strong><span style="line-height: 1.714285714; text-align: justify; font-size: 1rem;"> (28 &#8211; Eure-et-Loir) et de </span><strong style="line-height: 1.714285714; text-align: justify; font-size: 1rem;">Houdan</strong><span style="line-height: 1.714285714; text-align: justify; font-size: 1rem;"> (78 &#8211; Yvelines).</span></li>
</ul>
<p style="text-align: justify;"><a href="http://www.lesventsdanches.fr/ensemble-de-clarinettes/"><img loading="lazy" decoding="async" class="alignnone wp-image-196" title="&quot;Les Vents d'Anches&quot; Ensemble de clarinettes" src="http://www.lesventsdanches.fr/wp-content/uploads/2013/05/Nuage-mots-tag-ensemble-musique-clarinette-les-vents-d-anches-association.jpg" alt="accueillir des clarinettistes" width="960" height="465" srcset="http://www.lesventsdanches.fr/wp-content/uploads/2013/05/Nuage-mots-tag-ensemble-musique-clarinette-les-vents-d-anches-association.jpg 960w, http://www.lesventsdanches.fr/wp-content/uploads/2013/05/Nuage-mots-tag-ensemble-musique-clarinette-les-vents-d-anches-association-300x145.jpg 300w, http://www.lesventsdanches.fr/wp-content/uploads/2013/05/Nuage-mots-tag-ensemble-musique-clarinette-les-vents-d-anches-association-624x302.jpg 624w" sizes="auto, (max-width: 960px) 100vw, 960px" /></a></p>
<div id="wp_fb_like_button" style="margin:5px 5px 5px 0;float:left;height:100px;"><script src="http://connect.facebook.net/en_US/all.js#xfbml=1"></script><fb:like href="http://www.lesventsdanches.fr/ensemble-de-clarinettes/mentions-legales/" send="true" layout="standard" width="400" show_faces="false" font="arial" action="like" colorscheme="light"></fb:like></div>

<p>« Les Vents d&rsquo;Anches » est une association de loi 1901 (cf. nos coordonnées), créée le 12 février 2005, dans le but d&rsquo;accueillir des clarinettistes, et de chercher ou organiser des concerts afin que ses membres puissent se produire. En tant qu&rsquo;organisme d&rsquo;intérêt général, notre association est autorisée à délivrer à ses donateurs des reçus fiscaux. Nous [&hellip;]</p>

<!-- This site is optimized with the Yoast SEO plugin v22.1 - https://yoast.com/wordpress/plugins/seo/ -->
<title>Mentions légales - Les Vents d&#039;Anches</title>
<meta name="description" content="&quot;Les Vents d&#039;Anches&quot; est une association de loi 1901, créée dans le but d&#039;accueillir des clarinettistes et de se produire en concert." />
<meta name="robots" content="index, follow, max-snippet:-1, max-image-preview:large, max-video-preview:-1" />
<link rel="canonical" href="http://www.lesventsdanches.fr/ensemble-de-clarinettes/mentions-legales/" />
<meta property="og:locale" content="fr_FR" />
<meta property="og:type" content="article" />
<meta property="og:title" content="Mentions légales - Les Vents d&#039;Anches" />
<meta property="og:description" content="&quot;Les Vents d&#039;Anches&quot; est une association de loi 1901, créée dans le but d&#039;accueillir des clarinettistes et de se produire en concert." />
<meta property="og:url" content="http://www.lesventsdanches.fr/ensemble-de-clarinettes/mentions-legales/" />
<meta property="og:site_name" content="Les Vents d&#039;Anches" />
<meta property="article:modified_time" content="2021-03-21T18:11:25+00:00" />
<meta property="og:image" content="http://www.lesventsdanches.fr/wp-content/uploads/2013/05/Nuage-mots-tag-ensemble-musique-clarinette-les-vents-d-anches-association.jpg" />
<script type="application/ld+json" class="yoast-schema-graph">{"@context":"https://schema.org","@graph":[{"@type":"WebPage","@id":"http://www.lesventsdanches.fr/ensemble-de-clarinettes/mentions-legales/","url":"http://www.lesventsdanches.fr/ensemble-de-clarinettes/mentions-legales/","name":"Mentions légales - Les Vents d&#039;Anches","isPartOf":{"@id":"http://www.lesventsdanches.fr/ensemble-de-clarinettes/#website"},"datePublished":"2013-05-21T16:42:15+00:00","dateModified":"2021-03-21T18:11:25+00:00","description":"\"Les Vents d'Anches\" est une association de loi 1901, créée dans le but d'accueillir des clarinettistes et de se produire en concert.","breadcrumb":{"@id":"http://www.lesventsdanches.fr/ensemble-de-clarinettes/mentions-legales/#breadcrumb"},"inLanguage":"fr-FR","potentialAction":[{"@type":"ReadAction","target":["http://www.lesventsdanches.fr/ensemble-de-clarinettes/mentions-legales/"]}]},{"@type":"BreadcrumbList","@id":"http://www.lesventsdanches.fr/ensemble-de-clarinettes/mentions-legales/#breadcrumb","itemListElement":[{"@type":"ListItem","position":1,"name":"Accueil","item":"http://www.lesventsdanches.fr/ensemble-de-clarinettes/"},{"@type":"ListItem","position":2,"name":"Mentions légales"}]},{"@type":"WebSite","@id":"http://www.lesventsdanches.fr/ensemble-de-clarinettes/#website","url":"http://www.lesventsdanches.fr/ensemble-de-clarinettes/","name":"Les Vents d&#039;Anches","description":"Ensemble de clarinettes","potentialAction":[{"@type":"SearchAction","target":{"@type":"EntryPoint","urlTemplate":"http://www.lesventsdanches.fr/ensemble-de-clarinettes/?s={search_term_string}"},"query-input":"required name=search_term_string"}],"inLanguage":"fr-FR"}]}</script>
<!-- / Yoast SEO plugin. -->

Mentions légales - Les Vents d&#039;Anches

"Les Vents d'Anches" est une association de loi 1901, créée dans le but d'accueillir des clarinettistes et de se produire en concert.
